ts digit of a(6)?
7
Suppose 41*b - 121843 = -88108 + 288361. What is the thousands digit of b?
7
Suppose 23*d + 11 = 24*d. Suppose -d*f + 900 = -2*f. What is the hundreds digit of f?
1
Let l(v) = 65*v**2 - 7*v. Suppose 3*s - 6 = -0. Let n be l(s). Let m = n - 77. What is the hundreds digit of m?
1
Let y be 18*((-52)/(-10))/((-6)/10). Suppose 4*z = -3*b + 2*b - 371, -5*z + 4*b = 490. Let f = z - y. What is the units digit of f?
2
Suppose 5*g - 227*f = -228*f + 18851, -2*g - 2*f = -7534. What is the units digit of g?
1
What is the thousands digit of ((2 + 38)/(-10) - (-31)/7)*19187?
8
Suppose 0 = -5*m - 2*k + 68970, -17*m = -13*m + k - 55176. What is the tens digit of m?
9
Let b = -4 + 10. Let v(c) = 3*c - 15. Let z be v(b). Let y(s) = 4*s**2 + s - 5. What is the units digit of y(z)?
4
Let o be (-5 - -3)/(-4)*10. Suppose 3 + o = 4*n. Suppose -n*p + 21 = 7. What is the units digit of p?
7
Let d(s) = -3*s**3 - s**2 + 2*s + 1. Let g be d(-2). Let w = 164 - g. Suppose j - 5*k = 37, 4*j = j - 3*k + w. What is the units digit of j?
7
Let h(a) = 306*a - 69. Let w be h(5). Suppose 2 = 2*m, -4*v + 3*m + 136 = -w. What is the tens digit of v?
0
Let y = -63 - -112. Let l = y + -233. Let x = l + 259. What is the units digit of x?
5
Suppose 15*u - 225 - 1860 = 0. Let h = u - -228. What is the hundreds digit of h?
3
Suppose 20*y + 10*g = 15*y + 35285, -2*y = 2*g - 14102. What is the tens digit of y?
4
Let c = 121708 - 52267. What is the units digit of c?
1
Let q(w) = 2859*w**2 + 209*w - 414. What is the ten thousands digit of q(2)?
1
Let z(t) = -t + 5. Let u be z(0). What is the units digit of (u + -7)/(-4 - (-3082)/771)?
1
Let t = 10828 + 5568. What is the tens digit of t?
9
Suppose 0 = 4*n + s + 3*s - 112, 4*n - 139 = 5*s. Suppose -24*v = -n*v + 4340. What is the units digit of v?
0
Let b = 298 + 1320. Suppose -8*z + b + 3710 = 0. What is the tens digit of z?
6
Let j(q) = 12 - 36 + 6*q + 7 + 5 + 7*q**2. What is the hundreds digit of j(7)?
3
Let p(c) = c**3 - 4*c**2 + 10 + 2*c**3 - 145*c + 142*c. Let a be p(5). Suppose 2*v = 6*k - 2*k + a, 0 = 2*v + 4*k - 230. What is the hundreds digit of v?
1
Let z = 65703 + -29650. What is the units digit of z?
3
Suppose 0 = -2*s - 547 + 7755. What is the tens digit of s?
0
Suppose a - 10 = -9, x = 4*a + 2581. Suppose 5*h = -5*q + x, 5*q - h - 2*h = 2585. What is the tens digit of q?
1
What is the hundreds digit of (-5 - -6 - 1441)*2139/(-62)?
6
Let b = -15019 - -19641. What is the units digit of b?
2
Suppose -3*b - 57 = -3*p - 0*b, 5*p - 87 = b. Let q = 11 + 10. Let r = q + p. What is the tens digit of r?
3
Let c(v) = -2*v - 49. Let k be c(2). What is the units digit of (0 + k)/(3*5/(-240))?
8
Let y(n) = 82*n**2 + 44*n + 95. What is the hundreds digit of y(-12)?
3
Suppose 313808 = 5*h - 2*r, 5*h - 163652 = r + 150157. What is the thousands digit of h?
2
What is the tens digit of (-8543)/(-1)*(148 + -144) + 4?
7
Suppose -1763090 = -127*m - 133*m + 190*m. What is the units digit of m?
7
Let f(i) = -i**2 + 7*i + 13. Let d(c) = -2*c**2 + 15*c + 20. Let s(p) = -6*d(p) + 11*f(p). Let r = -46 + 64. What is the hundreds digit of s(r)?
1
Let p = 5975 + 2020. What is the thousands digit of p?
7
Suppose 0 = -3*q - 2*h - 2*h + 5362, 0 = -4*q + 2*h + 7164. What is the thousands digit of q?
1
Suppose 66*c + 207*c - 1191062 = 76*c. What is the hundreds digit of c?
0
Suppose -15*i + 19*i - m = 4375, -5*i - m = -5453. What is the tens digit of i?
9
Suppose -4 + 1 = -w, 0 = -2*g + 2*w + 162. Let p = -202 + 200. Let n = g - p. What is the tens digit of n?
8
Let r = 18480 - -10335. What is the ten thousands digit of r?
2
Let b(c) = -c**2 + 6*c - 8. Let l be b(2). Let r(m) = m**2 + 5*m + 369. What is the tens digit of r(l)?
6
Let p(j) = -j**2 + 9*j - 10. Let r be p(7). Suppose d - 650 = -5*m + 6*d, 8 = r*d. Suppose -13*s + 9*s + m = 0. What is the tens digit of s?
3
Let a be -1 - (4/8)/(5/(-40)). Suppose -4*n = s - 1614, 405 = n + a*s - 2*s. What is the hundreds digit of n?
4
Let c(m) = m**3 + 18*m**2 - 13*m + 46. Let r be c(-19). Let y = r - -61. Let k(d) = -23*d. What is the hundreds digit of k(y)?
1
Let y = 93 - 88. Suppose y*g + 0*g + 25 = 0, 0 = -5*b + g + 10. What is the hundreds digit of (-4)/5*(0 + (-184 - b))?
1
Let f be 11/((-55)/(-3670)) - 0 - 0. Let i = 1365 - f. What is the hundreds digit of i?
6
What is the units digit of 36042/(-21)*27/((-162)/84)?
8
Let u(n) = -n**2 + 35*n + 34. Let l be u(-1). What is the tens digit of ((-1068)/3)/(1 - (l - -5))?
7
Let c be (57900/45)/((-1)/(4 - 1)). Let q be ((-2)/10)/(4/c). Let a = -112 + q. What is the tens digit of a?
8
Suppose 69*p = 77*p - 67104. What is the tens digit of p?
8
What is the ten thousands digit of -19940*6/(-4) - -2*64/(-16)?
2
Suppose 2*i = 2396 + 1612. Suppose 0 = g + 2*w - 662 - 341, -2*g = 5*w - i. What is the tens digit of g?
0
Let n = 95 - 92. Suppose y + 5*m + 11 = 5*y, n*y - m = 11. What is the units digit of ((-1300)/104)/((-1)/(1*y))?
0
Let b(i) = 200 - 71 + 172*i**2 - 65 - 8*i - 72 + 0*i. What is the units digit of b(-2)?
6
Let r = -67 + 55. Let g be -253*4/r*3. Let f = g - 171. What is the units digit of f?
2
Let b(v) = 27*v**2 - 49*v - 1597. What is the hundreds digit of b(41)?
7
Let x(m) = 2*m**2 + 10*m + 20. Let n be x(-2). Suppose 5*j = 2*a - 1574, 0 = 4*a - 3*j + n*j - 3118. What is the units digit of a?
2
Let x = -72 - -68. Let a(h) = -344*h + 40. What is the tens digit of a(x)?
1
Let k(o) = 6*o - 14. Let g be k(3). Let d(w) = 9*w**3 - 6*w**2 + 13*w - 26. What is the units digit of d(g)?
6
Let m(a) = 1312*a**2 + 256*a - 257. What is the units digit of m(1)?
1
Let d = -3721 - -3837. What is the units digit of d?
6
Suppose -3*m = -5*s + 47982, -9446 = -4*s - 3*m + 28945. What is the tens digit of s?
9
Let d(r) = -11*r**3 - 4*r**2 + 50*r + 157. What is the hundreds digit of d(-8)?
1
Let q(x) = 7*x**2 - 12*x - 35. Let h(z) = -z**2 + 1. Let s(v) = 6*h(v) + q(v). What is the hundreds digit of s(24)?
2
Let b(s) be the first derivative of 9*s**2/2 + s + 29. Let y be b(2). Let c = 123 + y. What is the tens digit of c?
4
Let s = 19025 + 2539. What is the tens digit of s?
6
Let r(t) = -t**2 + t**3 - 12 + 0*t**2 + 4*t**2 + 2*t**2 - 16*t. Let w be r(-7). Suppose -2*p + 156 = -2*z, -4*p + w*z = z - 303. What is the tens digit of p?
7
Suppose 4*l - 5*c - 110 = 2*l, 5*l = -c + 275. Let i = 111 - l. What is the units digit of i?
6
Let i(o) = 61*o**2 - 4*o - 2. Let a be i(-2). Suppose -5*l + 392 = 4*s, 11*s - 6*s = 3*l - a. What is the tens digit of l?
8
What is the hundreds digit of 277008/24*200/70 + (-1)/7?
9
Let z = 85 - 82. Suppose t = z*t + 30. What is the units digit of 94*1 + 7/(35/t)?
1
Suppose 0 = 5*f - 2*h - h - 482, -4*h - 486 = -5*f. Let a = 100 - f. Suppose a*k - 1617 = -k. What is the tens digit of k?
3
Suppose 40*j = 3*v + 45*j - 38744, -2*v + 2*j + 25840 = 0. What is the units digit of v?
8
Let a(z) = 4*z**2 - 31*z - 9. Let d be a(8). Let n be (-11 + 5 - -3)*d. Suppose -2*p + 63 = b, n*b - 3*p + 2*p - 154 = 0. What is the tens digit of b?
5
Let a(d) = -d**2 + 9*d + 72. Let s be a(0). What is the hundreds digit of ((-171)/(-18))/(2/s)?
3
Let z be (1 + (1 - -2))*1896/6. Suppose -10*q + z = -1456. Suppose -5*i - 22 + q = 0. What is the tens digit of i?
5
Suppose 5*n = -3*c + 62294 + 104503, -5*c + 278088 = -2*n. What is the units digit of c?
4
Let l(w) be the first derivative of 17*w**2 - 27*w + 17. What is the tens digit of l(3)?
7
Let y be 3/(-12*7/(-812)). Let t(n) = 18*n + 87. What is the units digit of t(y)?
9
Let g = -486 + 17800. What is the units digit of g?
4
Suppose -3*s + 98295 = -3*y, -366*y + 367*y = -4*s + 131035. What is the ten thousands digit of s?
3
Let q(c) = 3*c**2 + 14*c - 482. What is the thousands digit of q(-28)?
1
What is the units digit of 440*3/(40/(-32)*(-12)/470)?
0
Let s(a) = a**3 - 7*a**2 - 6*a - 94. Let u be s(9). Suppose 2*g + l = 24 - 3, -5*l - 51 = -3*g. Suppose u - g = 2*n. What is the units digit of n?
1
Let p(y) = 7 + 2*y + 1440*y**2 - 1402*y**2 + 0*y. Let b(s) = -38*s**2 - s - 8. Let m(g) = 2*b(g) + 3*p(g). What is the units digit of m(-2)?
9
Suppose -15*m = 121330 - 359560. What is the tens digit of m?
8
Suppose 28*p + 367542 = 91*p. What is the units digit of p?
4
Let q(h) = 4*h + 63. Let c be q(-15). Suppose -5*